ded by 4?
0
Calculate the remainder when 756 is divided by 19.
15
Calculate the remainder when 164 is divided by 42.
38
What is the remainder when 312 is divided by 9?
6
What is the remainder when 567 is divided by 15?
12
Calculate the remainder when 74 is divided by 48.
26
What is the remainder when 313 is divided by 66?
49
Calculate the remainder when 473 is divided by 138.
59
Calculate the remainder when 257 is divided by 37.
35
What is the remainder when 463 is divided by 31?
29
What is the remainder when 695 is divided by 104?
71
Calculate the remainder when 115 is divided by 30.
25
What is the remainder when 2598 is divided by 8?
6
What is the remainder when 4 is divided by 1?
0
Calculate the remainder when 573 is divided by 36.
33
Calculate the remainder when 3454 is divided by 128.
126
Calculate the remainder when 5734 is divided by 185.
184
Calculate the remainder when 1242 is divided by 113.
112
What is the remainder when 50 is divided by 34?
16
What is the remainder when 772 is divided by 5?
2
What is the remainder when 452 is divided by 5?
2
What is the remainder when 221 is divided by 14?
11
What is the remainder when 7734 is divided by 5?
4
Calculate the remainder when 382 is divided by 44.
30
What is the remainder when 409 is divided by 189?
31
Calculate the remainder when 85 is divided by 59.
26
What is the remainder when 21 is divided by 12?
9
What is the remainder when 2609 is divided by 18?
17
Calculate the remainder when 663 is divided by 82.
7
What is the remainder when 2983 is divided by 55?
13
What is the remainder when 74 is divided by 48?
26
Calculate the remainder when 182 is divided by 84.
14
Calculate the remainder when 56 is divided by 18.
2
Calculate the remainder when 227 is divided by 76.
75
What is the remainder when 17574 is divided by 338?
336
What is the remainder when 63 is divided by 14?
7
Calculate the remainder when 24 is divided by 9.
6
What is the remainder when 259 is divided by 45?
34
Calculate the remainder when 66 is divided by 37.
29
What is the remainder when 19715 is divided by 58?
53
Calculate the remainder when 140 is divided by 31.
16
What is the remainder when 247 is divided by 11?
5
Calculate the remainder when 332 is divided by 64.
12
What is the remainder when 603 is divided by 212?
179
What is the remainder when 266 is divided by 59?
30
Calculate the remainder when 3597 is divided by 72.
69
Calculate the remainder when 188 is divided by 33.
23
Calculate the remainder when 321 is divided by 54.
51
What is the remainder when 97 is divided by 25?
22
What is the remainder when 376 is divided by 27?
25
What is the remainder when 1308 is divided by 102?
84
What is the remainder when 747 is divided by 152?
139
Calculate the remainder when 3314 is divided by 255.
254
Calculate the remainder when 7952 is divided by 185.
182
What is the remainder when 119 is divided by 64?
55
What is the remainder when 43 is divided by 29?
14
What is the remainder when 1071 is divided by 265?
11
What is the remainder when 52 is divided by 18?
16
Calculate the remainder when 4881 is divided by 19.
17
What is the remainder when 1552 is divided by 30?
22
What is the remainder when 39 is divided by 12?
3
Calculate the remainder when 603 is divided by 120.
3
What is the remainder when 318 is divided by 233?
85
Calculate the remainder when 1042 is divided by 88.
74
Calculate the remainder when 113 is divided by 37.
2
Calculate the remainder when 191 is divided by 89.
13
Calculate the remainder when 270 is divided by 39.
36
What is the remainder when 371 is divided by 333?
38
What is the remainder when 25120 is divided by 97?
94
Calculate the remainder when 102 is divided by 19.
7
Calculate the remainder when 107 is divided by 12.
11
What is the remainder when 1690 is divided by 36?
34
What is the remainder when 266 is divided by 6?
2
What is the remainder when 232 is divided by 26?
24
What is the remainder when 566 is divided by 191?
184
Calculate the remainder when 814 is divided by 17.
15
Calculate the remainder when 1788 is divided by 5.
3
What is the remainder when 478 is divided by 169?
140
Calculate the remainder when 254 is divided by 131.
123
Calculate the remainder when 223 is divided by 121.
102
What is the remainder when 1053 is divided by 261?
9
What is the remainder when 460 is divided by 22?
20
Calculate the remainder when 3777 is divided by 135.
132
What is the remainder when 282 is divided by 29?
21
What is the remainder when 98 is divided by 71?
27
What is the remainder when 682 is divided by 226?
4
Calculate the remainder when 60 is divided by 32.
28
Calculate the remainder when 143 is divided by 11.
0
Calculate the remainder when 96 is divided by 28.
12
What is the remainder when 1666 is divided by 30?
16
Calculate the remainder when 47 is divided by 31.
16
Calculate the remainder when 19625 is divided by 28.
25
What is the remainder when 109 is divided by 64?
45
What is the remainder when 87 is divided by 31?
25
Calculate the remainder when 86 is divided by 10.
6
Calculate the remainder when 1140 is divided by 378.
6
Calculate the remainder when 7196 is divided by 59.
57
Calculate the remainder when 231 is divided by 79.
73
Calculate the remainder when 1040 is divided by 36.
32
What is the remainder when 361 is divided by 83?
29
Calculate the remainder when 204 is divided by 15.
9
Calculate the remainder when 922 is divided by 233.
223
What is the remainder when 1120 is divided by 47?
39
What is the remainder when 152 is divided by 12?
8
Calculate the remainder when 600 is divided by 12.
0
Calculate the remainder when 429 is divided by 8.
5
Calculate the remainder when 1124 is divided by 24.
20
What is the remainder when 62 is divided by 43?
19
Calculate the remainder when 27 is divided by 2.
1
Calculate the remainder when 215 is divided by 59.
38
Calculate the remainder when 37 is divided by 19.
18
What is the remainder when 42 is divided by 16?
10
Calculate the remainder when 253 is divided by 15.
13
What is the remainder when 187 is divided by 58?
13
Calculate the remainder when 133 is divided by 31.
9
What is the remainder when 2649 is divided by 241?
239
Calculate the remainder when 250 is divided by 49.
5
Calculate the remainder when 472 is divided by 48.
40
What is the remainder when 2508 is divided by 43?
14
Calculate the remainder when 942 is divided by 105.
102
What is the remainder when 9915 is divided by 13?
9
Calculate the remainder when 134 is divided by 20.
14
What is the remainder when 37 is divided by 25?
12
Calculate the remainder when 1416 is divided by 33.
30
Calculate the remainder when 103 is divided by 47.
9
What is the remainder when 128 is divided by 28?
16
What is the remainder when 296 is divided by 13?
10
What is the remainder when 1450 is divided by 13?
7
What is the remainder when 108 is divided by 35?
3
Calculate the remainder when 55 is divided by 30.
25
Calculate the remainder when 1949 is divided by 78.
77
Calculate the remainder when 6854 is divided by 98.
92
Calculate the remainder when 188 is divided by 27.
26
What is the remainder when 1126 is divided by 114?
100
What is the remainder when 1406 is divided by 21?
20
Calculate the remainder when 1428 is divided by 233.
30
Calculate the remainder when 3354 is divided by 55.
54
Calculate the remainder when 64 is divided by 13.
12
What is the remainder when 100 is divided by 34?
32
Calculate the remainder when 2298 is divided by 105.
93
What is the remainder when 3272 is divided by 407?
16
What is the remainder when 3270 is divided by 273?
267
Calculate the remainder when 869 is divided by 130.
89
What is the remainder when 110 is divided by 37?
36
Calculate the remainder when 1314 is divided by 22.
16
What is the remainder when 146 is divided by 49?
48
What is the remainder when 2224 is divided by 24?
16
What is the remainder when 3322 is divided by 96?
58
Calculate the remainder when 364 is divided by 123.
118
What is the remainder when 129 is divided by 30?
9
Calculate the remainder when 6657 is divided by 18.
15
Calculate the remainder when 464 is divided by 79.
69
What is the remainder when 1237 is divided by 21?
19
What is the remainder when 5840 is divided by 1942?
14
What is the remainder when 222 is divi